208 - -92. Suppose w + f = 6*w. Let n = w + -19. What is the tens digit of n?
4
Suppose 0 = l + 2*l. Suppose 2*i + f = -l*f + 50, 10 = -5*f. Suppose b + b + 2*r = i, 0 = 3*r. What is the tens digit of b?
1
Suppose -2*z - 145 = -x, -3 = x - 4*x. Let u = z + 86. What is the tens digit of u?
1
Suppose g = -h + 278, -2*h + 562 = 3*g + g. Suppose -2*q = -h + 71. What is the tens digit of q?
0
Suppose 0 = h + 2*a + 76, -h + 0*h = -4*a + 70. Let x = -31 - h. What is the tens digit of x?
4
What is the tens digit of (-1521)/(-2) + (-9)/(-2)?
6
Let f(p) = p + 93. What is the tens digit of f(-44)?
4
Let y = 12 + -1. Let f = y - 11. Suppose o + 2*o - 3*z - 165 = f, o = 5*z + 51. What is the units digit of o?
6
Let i(f) be the second derivative of f**4/12 - 5*f**3/2 + 11*f**2 + f. What is the units digit of i(18)?
6
Suppose 2*c - 47 = -35. What is the units digit of c?
6
What is the units digit of -1*(-2 - (7 - (-1825)/1))?
4
Suppose 5*u = u + 324. Let o = u + -63. What is the tens digit of o?
1
Let n = 2358 - -1604. What is the hundreds digit of n?
9
Let s be (-2)/(-5) + 24/(-15)*14. Let k = -17 - s. What is the units digit of k?
5
Suppose 80*b = 191212 - 39052. What is the hundreds digit of b?
9
Let k = 11 + -19. Let r(b) = 3*b + 57. What is the units digit of r(k)?
3
Suppose -749 - 3831 = -5*k. What is the hundreds digit of k?
9
Let u(h) be the second derivative of h**4/12 + 7*h**3/6 - 6*h**2 + 2*h. Let q be (0 + 27/(-6))*2. What is the units digit of u(q)?
6
Suppose -5*o + 422 = -4133. What is the units digit of o?
1
Let w be ((-7)/(-14))/((-2)/60). Let p = -24 - w. What is the tens digit of (-5 + 1)/(p/45)?
2
Let b(n) = n. Let f be b(1). Suppose -2 = -3*y + f. What is the units digit of -9 - -6 - (y - 13)?
9
Suppose 7*l = 23*l - 3888. What is the tens digit of l?
4
Suppose x = 145 + 23. What is the units digit of x?
8
Suppose 3168 = 10*v - 8*v - 3*d, 3*d = 5*v - 7929. What is the units digit of v?
7
Suppose -5*w + 2*y + 81 = 0, -4*y = 2*w - y - 21. Let o(b) = 2*b + 3 - 8 + 1 + 1. What is the units digit of o(w)?
7
Let u = 32 + -57. Let o = u + 46. Let z = 32 - o. What is the units digit of z?
1
Let x = -689 + 1136. What is the tens digit of x?
4
Let a = 2418 + -1663. Suppose -a = -5*f + 4*g + g, 3*f - 2*g = 450. What is the units digit of f/6 - 1/(-3)?
5
Let r = 20 + -22. Let p = 4 + r. What is the units digit of (-186)/(-14) + p/(-7)?
3
Suppose m + 3*h - 1144 = 0, 0 = 5*m - 5*h + 2*h - 5684. What is the thousands digit of m?
1
Suppose 4*k = 0, -1 = -y + 5*k + 2. Suppose -5*o - 2*g + 789 + 113 = 0, 0 = -3*g + y. What is the hundreds digit of o?
1
Suppose -14*m + 338 = -13*m. Let x = m + -120. What is the tens digit of x?
1
Let z(x) = 19*x - 8*x**2 - 3 + 2*x**3 - 24*x + 0*x**3. What is the hundreds digit of z(6)?
1
Suppose -489 = 6*f - 939. What is the tens digit of f?
7
Let m(r) = 1153*r**2 - 12*r. What is the tens digit of m(1)?
4
Suppose 15*t - 18*t = -3. What is the tens digit of (t - -159) + (-7)/(14/(-4))?
6
Let c = -33 - -35. What is the units digit of (-78)/(-21) - c/(-7) - -242?
6
Let n = -175 - -1121. What is the units digit of n?
6
Suppose -2*p = -n + 32, -n + 81 = 3*p + 24. Suppose -40*a + n*a = 74. What is the units digit of a?
7
Let d = 17 - 21. What is the tens digit of (0 - 82/d)*(20 - 16)?
8
Suppose 7*y - 5059 - 1031 = 0. What is the units digit of y?
0
Suppose y - 41 + 1 = 0. Let g = 46 + y. What is the tens digit of g?
8
Let d(h) = -h**3 - 3*h**2 - 3*h + 2. Let p be d(-6). What is the tens digit of ((-72)/96)/((-1)/p)?
9
Suppose 11*m - 6*m = 3*m. Let s = -2 + 12. Suppose m*c - s = -c. What is the tens digit of c?
1
What is the units digit of (6/(-3))/(((-138)/1044)/23)?
8
Suppose -2374 = -10*v + 2276. What is the tens digit of v?
6
Let q(x) = x**3 + 7*x**2 - 2*x - 8. Let i be q(-5). Suppose 0 = 3*m - 11 - i. What is the tens digit of m?
2
Suppose 484 + 676 = -8*g. Let s = g - -335. What is the tens digit of s?
9
Let f(i) be the second derivative of -4*i - 1/6*i**3 + 0 + 4*i**2. What is the units digit of f(5)?
3
Suppose 10*g + 29 - 109 = 0. What is the units digit of (-1)/2 - (-516)/g?
4
Let h(f) = -f**3 + 6*f**2 + 2*f + 5. Let v be h(6). Let y = 62 - 57. Let a = v + y. What is the units digit of a?
2
Let j(d) = 6*d**2 - 14*d - 14. Let x(v) = 9*v**2 - 9 - 5*v**2 + 0*v**2 - 9*v. Let m(q) = -5*j(q) + 8*x(q). What is the tens digit of m(4)?
2
Let g = 57 + -53. Suppose g*s - 8*s + 616 = 2*d, 5*d = 4*s - 644. What is the hundreds digit of s?
1
Suppose 63*b = 48*b + 5085. What is the hundreds digit of b?
3
Suppose 3*n = -0*n. Suppose 8 = 2*f + 2. Suppose -s - 59 = -4*s + 2*a, n = 2*s + f*a - 35. What is the tens digit of s?
1
Suppose 69 = -4*d + 5. Let z be (-12)/(-7) + d/(-56). What is the tens digit of (-22)/4*z*-1?
1
Let b(p) = -p**2 + 14*p + 2. Let o be b(14). Suppose -o*a - 1 = -11. Suppose 2*c - 49 = -3*c + 4*m, 46 = a*c - m. What is the units digit of c?
9
What is the hundreds digit of ((-5)/(-25))/((-3)/(-14955))?
9
Suppose 9589 = 23*n - 9179. What is the units digit of n?
6
Suppose 5*g = -21 + 16. Let h = 15 + g. What is the units digit of h?
4
Let w(l) be the second derivative of 2/3*l**3 + 0 + 1/12*l**4 + 3/2*l**2 - 2*l. What is the tens digit of w(-7)?
2
Let h = -68 + 39. Let a = h + 43. What is the tens digit of a?
1
Suppose 41 - 125 = -4*t. Let p = t + 3. What is the units digit of p?
4
Let i(y) = -y**2 - 3*y. Let u be i(-3). Let b = 3 + u. Suppose b*o - 12 = -0*o. What is the units digit of o?
4
Let n(i) = 19*i**2 - 3*i + 4. Suppose 3*m + 3*w = 8 + 1, 5*m = w + 3. What is the tens digit of n(m)?
2
Let p(y) be the second derivative of y**4/2 + y**3/6 - y**2 + y. Suppose 0*i = -2*i, -10 = -5*b + 4*i. What is the tens digit of p(b)?
2
Let o(l) = -l**2 + 64*l - 12. What is the tens digit of o(15)?
2
Let y = 372 - -616. What is the tens digit of y?
8
Suppose -5*f - 185 = 5*b, -5*b - 2*f - 48 = 134. What is the units digit of (-4)/b*3 - (-717)/9?
0
Let u be (16/(-1))/((-22)/33). Suppose 3*c + 7 = h - u, 4*h - 5*c - 110 = 0. Suppose q - h = -4*s, -s - 75 + 16 = -2*q. What is the tens digit of q?
2
Let g(z) be the first derivative of -z**4/4 - 2*z**3 + 6*z**2 + 9*z - 8. Let l be g(-8). Let t = 92 - l. What is the tens digit of t?
5
What is the units digit of 100/(-450) + 767/9?
5
Suppose -1 - 3 = -2*v. Suppose 0*b = 4*b - 12, -209 = v*j + b. Let y = -63 - j. What is the units digit of y?
3
Let m = -255 + 369. What is the tens digit of (m/12)/((-2)/(-12))?
5
Let z(t) = -11*t**2 + 11*t - 3. Let q(l) = l**3 + 34*l**2 - 33*l + 10. Let n(y) = 2*q(y) + 7*z(y). What is the units digit of n(5)?
9
Let b(w) be the first derivative of -w**4/4 - 8*w**3/3 + 7*w**2 + 19*w - 6. Let m be b(-9). What is the tens digit of -3 + 1 + 1 - m?
2
Let f(s) = 33*s**3 + 2*s**2 - 6*s + 6. What is the tens digit of f(4)?
2
Suppose -f = 3*h - 1094, -9*f - 3*h + 3312 = -6*f. What is the hundreds digit of f?
1
Let f(l) = -7*l + 1. Let d be f(-1). Let b(k) = -k**3 + 8*k**2 + 2*k - 12. Let u be b(d). Suppose -16 = -u*a + 3*a. What is the units digit of a?
6
Suppose -6*j + 36 = -2*j. Let l(m) = -m**3 + 11*m**2 - 14*m + 22. What is the units digit of l(j)?
8
Let k = -9 - -11. Let t be 1/(k/10) - 3. Suppose 288 = 8*d - t*d. What is the tens digit of d?
4
Let v = -3 + 6. Let g(k) = -v*k**2 + 4*k**2 + 2 + 2 + k. What is the units digit of g(0)?
4
Suppose 0 = 2*p - 32 + 28. Suppose l + l = 2. What is the tens digit of (l - (-9 - p)) + 1?
1
Let g be (-2 + (-22)/6)*6. Suppose -l = w - 22 + 74, -2*l = -2*w - 124. Let y = g - w. What is the tens digit of y?
2
Let s(o) = o**3 - o**2 + 220. Let c be s(0). Suppose -17*r = -16*r - c. What is the hundreds digit of r?
2
What is the hundreds digit of (-7 - (-3 + -10)) + 123?
1
Suppose 4*p - 2713 = 3. What is the units digit of p?
9
Suppose 3*i - d = 25, -2*d + 4*d + 10 = i. Suppose -4*l - i = -56. What is the units digit of l?
2
Suppose -7 = i - 3. Let j be (i/12)/((-1)/15). Suppose 96 = j*t + 26. What is the units digit of t?
4
Let t = 61 - 41. Let x be 8*(-20)/(t/(-4)). Suppose -5*k + 5*z + x = -83, 18 = k - 2*z. What is the units digit of k?
8
What is the tens digit of 186/4*(9 - (-67 - 4))?
2
Let p(j) = -5219*j**3 - 3*j - 4. What is the units digit of p(-1)?
8
Let f be 1250/4 - (-14)/28. Let i = f - 205. What is the tens dig